h(q) = -23 + 49 + 2*q - 34 + 0*q. What is h(b)?
2
Let a be (2 - 3)*(6 + -6). Let k(n) = n**2 + 3*n + 70. Give k(a).
70
Let z(a) = -3*a**2 + 112*a + 621. Let g(p) = 2*p**2 - 57*p - 304. Let u(i) = 5*g(i) + 3*z(i). Calculate u(-43).
-1
Let r(u) = 17*u + 8. Let c(z) = -17*z - 9. Let d(t) = 3*c(t) + 2*r(t). Let v(a) = 11*a - 18 - 18 + 66 - 25 - 3*a. Let s(p) = -6*d(p) - 13*v(p). Calculate s(2).
-3
Let m = -329 + 327. Suppose 0 = -x - 4*x. Let j(k) = k - k - k - k + x. Give j(m).
4
Let x(w) = -150*w**2 + 136*w - 53. Let y(h) = 94*h**2 - 91*h + 35. Let q(n) = 5*x(n) + 8*y(n). What is q(23)?
-31
Let k(l) = -12*l + 24. Suppose -426 + 331 = -19*d. Give k(d).
-36
Let r(m) be the first derivative of m**4/4 - 8*m**3/3 + 15*m**2/2 + 6*m + 4702. Give r(4).
2
Let k be (-170)/425 - ((-9)/6)/(15/(-126)). Let c(l) = 3*l + 8. Let i(v) = v. Let f(b) = -c(b) + 2*i(b). What is f(k)?
5
Let n be 3/(-4) - (-165)/60. Suppose n*z + 10 = -0*z. Let f(v) be the first derivative of v**3/3 + 7*v**2/2 + 6*v - 5. Give f(z).
-4
Let d(j) = -2*j**2 + 31*j + 7. Let p = -5765 + 5780. Determine d(p).
22
Let p(k) = -k**3 + 7 + 9 - 9*k**2 - 27 - 9*k. Let r be (-2 + 30/5)/(1/(-2)). Calculate p(r).
-3
Suppose -13 = -n + 57. Let i be ((-18)/(-21))/(15/n). Let j be 4/8*-2*i. Let o(k) = 2*k**2 + 4*k - 4. Give o(j).
12
Let p(d) = -3*d + 0 + 5 + 2*d. Suppose 0 = -5*g + 5*c, -55*c = 5*g - 47*c - 91. Give p(g).
-2
Let s(x) be the second derivative of 29/2*x**2 - 1/24*x**4 + 27*x + 0 + 0*x**3 + 13/60*x**5. Let l(c) be the first derivative of s(c). What is l(1)?
12
Let m(v) = -v**3 + 16*v**2 + 17*v. Let g = 40783 + -40766. Determine m(g).
0
Let n(x) = 3*x**2 - 5*x + 6. Let v(k) = -k**2. Suppose 0 = 3*h + 2 + 1. Let o(y) = h*n(y) - 2*v(y). Calculate o(4).
-2
Let o(x) = -25*x + 3. Suppose -5*a + 2674 = 2669. What is o(a)?
-22
Suppose -88 = 84*v - 159*v + 86*v. Let a(m) = 2*m - 40. What is a(v)?
-56
Let j(b) be the third derivative of b**6/120 + b**5/60 - 3*b**4/8 + 4*b**3/3 + b**2 - 2386. Determine j(-4).
-4
Let f(d) = 0*d + d**2 - 3*d + 2*d + d**3 - 7. Let p = 444 - 171. Let o = 273 - p. Calculate f(o).
-7
Let n(f) = -19*f**2 + 9*f - 29. Let o(s) = -27*s**2 + 14*s - 43. Let x(c) = -10*n(c) + 7*o(c). Give x(3).
22
Let l(i) be the third derivative of 1/3*i**4 - 1/60*i**5 - 1/6*i**3 + 0*i + 259*i**2 + 0. Let x(d) = d**2 - d + 7. Let a be x(0). Give l(a).
6
Let g(y) be the first derivative of -y**3/2 + y**2 - 25*y + 12. Let a(m) be the first derivative of g(m). Calculate a(5).
-13
Let i(u) = 16*u**2 - u. Let d(y) = -2*y**2 + 30*y - 89. Let p be d(11). Give i(p).
17
Let f(o) = 1321*o - 9223. Let t be f(7). Let y(x) = 2*x**3 - 46*x**2 - 46*x - 39. Determine y(t).
9
Let g(a) = -3*a**2 + 35*a + 258. Let m be g(17). Let s(b) = b**2 + 14*b - 10. What is s(m)?
-10
Let v(a) = a**3 + 2*a**2 + 2. Let c be -89 + (-3 - -5 - 4). Let p be -1*7*78/c. Suppose -4*i - 12 = -0*b - 4*b, -b + p = -2*i. Determine v(i).
-7
Let j(d) be the first derivative of d**4/4 - 17*d**3/3 - 15*d**2/2 - 60*d + 950. Determine j(18).
-6
Let v(t) be the second derivative of -5*t**3/6 - t**2 - 898*t + 2. Calculate v(-2).
8
Let v(l) = l - 3. Let a be v(-8). Let w = 14 + a. Let t(i) be the first derivative of -2*i**3/3 + i**2 + 3*i - 42. Calculate t(w).
-9
Let u(p) = -p. Let i(h) = h**2 - 20*h + 40. Let l be i(18). Suppose -l*q = -3*c + 6, -2*q = q. Let v be -10 + c + 2/1. Calculate u(v).
6
Let y(f) = 49*f + 395. Suppose -26*b = -23*b + 24. What is y(b)?
3
Let m(a) = -363092 - 3*a**2 + 363085 + 6*a - 5*a. Determine m(5).
-77
Let g(f) be the third derivative of -f**5/30 - 95*f**4/24 + 49*f**3/6 + 4*f**2 - 20*f + 14. What is g(-48)?
1
Suppose -7*o = 266 + 427. Let k = 97 + o. Let c(w) be the second derivative of w**4/12 + w**2 - 3*w. What is c(k)?
6
Let a(p) = -2*p + 3. Suppose 4*x = 8*x + 4*t - 32, -x + 17 = -2*t. Suppose -4*m = 17*s - 12*s + x, 2*m - 2*s + 10 = 0. Calculate a(m).
11
Let p(r) = 12 + 27*r + 3055*r**2 - 1591*r**2 - 1469*r**2. Calculate p(6).
-6
Let d(h) = 75 + 11703*h**2 - 23433*h**2 + 11729*h**2 + 8*h. Determine d(13).
10
Let o be (-16)/12*(29/(-58) - (-5)/4). Let f(j) = -3*j**3 + 2*j**2 - 1. Give f(o).
4
Let r be (-3)/(17/14 + -1). Suppose 67 = 7*y + 123. Let u = y - r. Let s(x) = -x**3 + 7*x**2 - 6*x - 2. Calculate s(u).
-2
Let g(a) be the first derivative of -5/2*a**2 - 5 - a - 2/3*a**3 + 1/12*a**4. Let f(w) be the first derivative of g(w). What is f(4)?
-5
Let s(h) = h**2 - 3*h - 2. Let f(q) = q**3 + 16*q**2 + 17*q + 34. Let t = 88 - 163. Let w = -90 - t. Let j be f(w). Calculate s(j).
2
Let m(u) = 36*u - 5. Let q(t) = 14*t + 1218. Let i be q(-87). Determine m(i).
-5
Suppose -21*w + 20*w = -7. Let f(k) = 2*k**2 - 10*k - 11. Let d(v) = v**2 - 6*v - 6. Let m(h) = w*d(h) - 4*f(h). Give m(2).
-6
Let x = 47 - 43. Suppose x = 2*u - 4. Let t be (-5 - (u + -7)) + 3. Let i(c) = c**2 + 2*c - 1. Calculate i(t).
2
Let c = 104 - 98. Suppose 9*f + 15 = c. Let y(j) = -27*j - 35*j + 1 + 65*j. Give y(f).
-2
Let w(t) = -t**3 + 2*t**2 - 2*t + 3. Let z be w(0). Let g be 0 - (8 - 3 - z). Let a(m) = -3*m**2 + 2*m**3 + 6*m**3 - 9*m**3 - 3 - 2*m. Give a(g).
-3
Let u(n) = -2*n + 3. Let m = 443 - 27. Let h = m + -427. What is u(h)?
25
Let w(d) = 3*d**3 - 43*d**2 - d - 3. Let h(y) = -y**3 + 13*y**2 + 1. Let u(m) = 7*h(m) + 2*w(m). Let o(n) = -5*n - 1. Let i be o(-1). Calculate u(i).
9
Let q(g) = -5*g + 3. Suppose -4*i = 8*i + 36. Let k be 1*(1 - (-1 - i)). Let f(h) = -h + 1. Let m(s) = k*q(s) + 6*f(s). What is m(7)?
-4
Let c(a) = 62*a**3 + 2*a + 2. Suppose 58*l + 91*l + 123 = 26*l. Give c(l).
-62
Let t(p) = -17*p - 19. Let b(k) = -6*k - 7. Let c(f) = 8*b(f) - 3*t(f). Let g(y) = 7*y - 3. Let q(l) = 2*c(l) - g(l). What is q(7)?
-2
Let i(c) = 5*c + 3. Let y be i(-2). Let t(g) = -2*g - 1 + g**3 - 6 - 186*g**2 - 142*g**2 + 459*g**2 - 138*g**2 - 2*g**3. Calculate t(y).
7
Suppose -110*u = 87*u - 27*u + 2550. Let n(x) = -x**2 - 13*x - 2. Determine n(u).
-32
Let a(i) = 19329*i + 248 - 59 - 19378*i + 254. What is a(9)?
2
Suppose -4*m + u + 13 - 2 = 0, 5*m = 3*u + 19. Suppose 4*x = -3*n + 5, -x = -n - 0*x + 4. Let s(r) = -4 - r**2 + 0*r**3 - r**3 + 0 - n*r + 5. Determine s(m).
-17
Let h(v) = -v**3 + 6*v**2 + 7*v - 8. Suppose -r + 89 = w - 121, 5*w - 1046 = -3*r. Let d = w + -201. What is h(d)?
-8
Let a(j) = -8*j - 208. Let x = -5300 + 5273. Determine a(x).
8
Let a(n) = 3*n**2 - 2*n - 11. Let u be a(4). Let b = 45 - u. Let f = b + -20. Let i(k) = -k**2 - 3. What is i(f)?
-19
Let w = 114 + -116. Suppose 3 = g - 1. Let v(h) = 2 + 2*h + 5*h - 7*h - g*h. Determine v(w).
10
Let p(y) be the second derivative of -y**3 - 13*y**2/2 - 612*y. Calculate p(0).
-13
Let j be (-897)/117 + 4/6. Let o(v) = 15*v**3 + 25*v**2 - 3*v. Let r(z) = 7*z**3 + 12*z**2 - 2*z. Let c(w) = 6*o(w) - 13*r(w). What is c(j)?
-7
Suppose -98 = 4*j + 6*o, -5*j - 5*o = -6*j - 5. Let r(q) = 12*q + 234. Determine r(j).
-6
Let b(i) = -6*i**3 + i**2 + 10*i - 5. Let j be 36/19 - (-9)/(-6)*164/(-2337). What is b(j)?
-29
Let p = 8700 + -8689. Let i(s) = 7*s - 38. Determine i(p).
39
Let n(k) = -k**3 + 2*k**2 + k + 3. Let f(h) = -h**2 - 20*h - 32. Suppose 7*m - 14 = -0*m. Suppose -5*a - q = 85, -m*a - 4*q = a + 34. Let s be f(a). Give n(s).
-25
Let c(v) = 5*v**3 - 189 + 4*v**3 - 8*v**3 - 3*v**2 + 364 - 177 - 11*v. What is c(5)?
-7
Suppose 1 = -x + 4. Let q(k) = -k + 3. Let y be q(x). Let j(g) = g**2 - 2880*g**3 + 1 + 7 - 2876*g**3 + 5757*g**3. Give j(y).
8
Suppose -6*s + 3*s = 0. Suppose -4*o - y + 3*y = -34, 5*o + 5*y - 5 = s. Suppose -20 = -4*l + 5*d, 2*l + 3*d + o + 6 = 0. Let x(b) = -b**3 + 8. Determine x(l).
8
Suppose -2 = n - 3*u, -6*n - 4*u = -3*n - 7. Let q(x) = 2*x - 5*x - 2 - n. Let t(m) = 3*m - 60. Let p be t(19). Give q(p).
6
Let j(o) = -o**3 - 13*o**2 - 12*o + 9. Let m be (-8)/(-3) + (-13)/(-39). Suppose -5*i = 3*c + 48, 6*c - 8*c = -m*i - 44. What is j(i)?
9
Let h(a) = -2*a - 2*a**3 - 6 - 3*a**2 + 0 - 9*a**3 + 9*a**3. Let f be h(-3). Suppose 0 = 18*c - f*c. Let s(k) = k**2 + k - 3. Give s(c).
-3
Let t be 12/(-14)*7868/(-843). Let o(s) = 3*s - 5*s - 22 + 4*s. Determine o(t).
-6
Let v(y) be the third derivative of 0*y + 115*y**2 + 1/6*y**3 - 1/30*y**5 + 0 - 1/120*y**6 + 1/24*y**4. Calculate v(-3).
7
Suppose 5*s - 10 = 10. Suppose 0*x + 50 = 5*x. Let v(a) = -6*a + x*a + a - 4*a. What is v(s)?
